3*t + 10. Calculate o(w).
-11
Let v(f) = -f - 10. Suppose -16*t - 433 = -801. Let b = 30 - t. Calculate v(b).
-17
Let v be (-756)/(-135) + 4/10. Let f(g) = -v*g + 7 + 19 + 1 + 0*g. Calculate f(5).
-3
Let w(t) = t**3 - 7*t**2 + 9*t - 6. Let p(u) = u**2 - 27*u - 29. Let f be p(14). Let c = 135 + f. Let h = c - -82. Calculate w(h).
12
Let v(f) be the third derivative of -5*f**4/6 + 77*f**3/3 + 3011*f**2. What is v(8)?
-6
Suppose 2*c - 16 = 0, -4*n - 2*c + 331 = 307. Let o(q) = -13*q**3 + 2*q**2 - 2*q + 1. Give o(n).
-99
Let f(q) = 2*q - 1. Let y be f(2). Let x(c) be the second derivative of -c**5/20 + c**4/6 + c**3/3 - c**2 - 5287*c. Determine x(y).
-5
Let c = -2123 + 2098. Let q(f) = -f**3 - 25*f**2 + 2*f + 42. Calculate q(c).
-8
Let h(b) = b**2 - b + 2. Let r be h(0). Suppose -r*p + 5*i - 17 = -6, 0 = -p + 2*i - 4. Let x(k) = -2*k - 14 + 28 + 2*k**p - 11. Calculate x(3).
15
Let a(t) = -t**3 + 3*t**2 + 3*t. Suppose 3*h - 1501 = -h + m, -2*h + 751 = -m. Let v = 378 - h. Determine a(v).
9
Let k(x) = 2*x. Suppose -5*t + 4 = -4*t. Let p be k(t). Let a(v) = -50*v + 52*v - 10 + 1. Determine a(p).
7
Let l(j) = 3*j - 7. Let s(z) = -z + 1. Let h(r) = -l(r) - 4*s(r). Suppose 0 = 4*d + 8, 439*b - 436*b + 3*d + 12 = 0. Give h(b).
1
Suppose -132*q = -126*q + 4 + 44. Let f(p) = p**2 + 8*p - 4. Give f(q).
-4
Let q(a) = 19*a**2 + 169*a - 16. Let t be q(-9). Let v(j) = 2*j**2 - 4*j. Calculate v(t).
0
Let h(s) = 13*s - 2. Let o = 2604 - 2597. What is h(o)?
89
Suppose 0 = 13*n - 26*n - 429. Let l = 40 + n. Let o(k) = -2*k - 6. Calculate o(l).
-20
Let b(d) = d**3 - 29*d**2 + 23*d + 141. Suppose x - 52 = 4*j, -33*j = 4*x - 32*j - 106. Determine b(x).
1
Let w(z) = -119*z - 9. Let y(s) = 24*s + 1. Let p(f) = -w(f) - 5*y(f). Let g = 4 - 8. What is p(g)?
8
Let g(l) = 2*l**2 + 63*l - 243. Let v be 12/(-8)*4200/180. Give g(v).
2
Suppose -2*v + 7*v - 4*n = 22, v = -n - 1. Suppose -v*x - 2*x - 4 = 0. Let g(d) = -d**2 + 173 + d + 12*d**2 - 5*d**2 - 173. What is g(x)?
5
Let v(q) = 12*q - 163*q**2 - 142*q**2 + 302*q**2 - 11. Give v(3).
-2
Let u be 6/8*(178 - 166). Let g(n) = n**2 - 2*n - 11. What is g(u)?
52
Suppose 3093*a = 3082*a - 165. Let k(h) = -3*h - 41. Calculate k(a).
4
Let c(k) = 6*k**2 - 17*k + 13. Let s(z) = 17*z**2 - 50*z + 38. Let l(q) = 11*c(q) - 4*s(q). What is l(6)?
-3
Let z = -35 - -47. Let w(y) = -1 + z*y - 19*y + 6*y - 20*y**2. Let o be (-189)/(-42)*(-2)/(-18)*-2. What is w(o)?
-20
Let o(p) = 4*p. Suppose 21*c + 636 = 19*c. Let s = c + 320. Calculate o(s).
8
Let s(d) = d - 4. Let q(r) = 8*r - 40. Let n be q(5). Suppose 17*j - 18*j + 5 = n. Suppose 5*l = -j*v, -3*v - 4*l - 4 = l. Determine s(v).
-2
Suppose -4*t + 23 = 5*v + 2, -2*v - 6 = 4*t. Let d(g) = g**3 + 3*g**2 - 19*g - 6. What is d(t)?
0
Let a(p) = -25*p + 6. Let k(o) = 3*o - 3. Let g(j) = -a(j) - 5*k(j). What is g(-5)?
-41
Let i(v) = 4*v + 3. Suppose 2*t + 2*f = -8, -409*t - 8 = -408*t + 2*f. Calculate i(t).
3
Let z(h) = 27*h**2 + 349*h - 19. Let o be z(-13). Let n(q) = -22*q + 29. Calculate n(o).
-125
Let m(w) = 2705462 + 4*w**2 - 2705516 - 2*w**2 + w. Give m(5).
1
Let a(j) = 9*j**3 + 4*j**2 - 49*j - 95. Let z(h) = -5*h**3 - h**2 + 26*h + 48. Let r(y) = -4*a(y) - 7*z(y). What is r(-10)?
4
Let w(x) = -43*x + 31. Let n(s) = -s**2 + 54*s - 29. Let l(b) = -2*n(b) - 3*w(b). What is l(-12)?
1
Let l be (-7)/5 - 4/(-10). Let c be (0/(-1) - 2)*l. Let y(s) = 5 - 10 - s + c + 4. Determine y(2).
-1
Let g(c) be the third derivative of c**6/120 + 7*c**5/60 + 3*c**3/2 - 68386*c**2. Suppose 43 = -5*a + 8. Give g(a).
9
Suppose -5*k + 5*f - 60 = 0, -k + f + 28 = -5*k. Let w(s) = -4*s - 3 - 35 + 17 + 31. Calculate w(k).
42
Let i be 2/8*252/(-21). Let p(d) = 15*d + 8. Calculate p(i).
-37
Let t(f) = f**3 + 5*f**2 + 6. Let d be t(-5). Suppose -4*b = -5*l - d, -2*l + 0*l = -b. Let u(w) = -37 + 16 + 16 + w + l*w. Give u(5).
10
Suppose 22 = 15*d - 113. Let s(g) = g**3 - 9 + 10*g + g - 4 + 0*g - 10*g**2. Determine s(d).
5
Let p(l) be the second derivative of l**4/6 - 20*l**3/3 + 12*l**2 - 4902*l. What is p(20)?
24
Suppose 30*s + 163 + 107 = 0. Let o(d) = d**2 + 9*d - 6. Calculate o(s).
-6
Let y(s) = -4*s - 94. Let n be y(-24). Let g(i) = i**2 + i**2 - 269 + 3*i - i**n + 261. What is g(-4)?
-4
Let h(k) = -k**2 - 7*k + 6. Let j = -221 + 354. Let s = j + -140. Give h(s).
6
Let y(v) = 5*v - 11. Let j(a) = -32 - 5*a + 2*a + 30 + 2*a. Let k(g) = 4*j(g) - y(g). Determine k(2).
-15
Let o(c) = -c + 10. Let v = 14 - -50. Let l = -62 + v. Let i be (l/(-2))/((16/(-28))/4). Calculate o(i).
3
Let m(j) = -j - 5. Let s be m(0). Let u(l) be the first derivative of -l**2/2 - 6*l + 653. Calculate u(s).
-1
Suppose 9*n = 6*n + 24. Let u be 4/(n/(-6))*4/4. Let i(k) = -2*k**2 - k - 2. Determine i(u).
-17
Let v(w) = w + 1. Suppose 10 = k + 3*k - 2*t, 0 = -3*k - 4*t + 13. Let d(y) = 4*y + 25. Let p(n) = k*v(n) - d(n). What is p(-9)?
-13
Let n(f) be the first derivative of -1/2*f**4 - 1/20*f**5 - 4*f - 10 - 5/6*f**3 + 2*f**2. Let c(z) be the first derivative of n(z). What is c(-5)?
4
Let j(o) be the second derivative of -2*o**3/3 - 7*o**2/2 + 45*o - 13. Calculate j(9).
-43
Let f(z) be the third derivative of z**5/60 - 2*z**4/3 + 35*z**3/3 + 94*z**2 - 18. Give f(7).
7
Let v(l) = -l**2 + 18*l - 102. Let i(y) = -y**2 + 20*y - 102. Let q(w) = 5*i(w) - 4*v(w). Let a be q(24). Let m(h) = h**3 + 6*h**2 - 3*h - 12. Give m(a).
6
Let i(j) = j**3 + 3*j**2 - j - 1. Suppose 509 = 33*h - 514. Suppose 4*p - 108 = 7*p - 3*u, 0 = 4*p + 3*u + 130. Let q = p + h. Give i(q).
2
Let b(h) = h**2 - 4*h + 2. Let k(m) = 6*m - 11. Let u(z) = b(z) - k(z). Give u(2).
-3
Let d(s) be the third derivative of -13*s**5/60 - s**4/24 - s**3/3 + 168*s**2 + 1. Calculate d(2).
-56
Suppose -a + 5*a = -4. Let d(w) = -57*w**2 - 145*w + 7. Let y(n) = 92*n**2 + 203*n - 10. Let j(b) = -7*d(b) - 5*y(b). Calculate j(a).
-60
Let f(s) = -19*s - 48*s - 48*s + 9 + 185*s - 7. What is f(-1)?
-68
Suppose -x + 31 = 3*r, 0 = -7*r + 4*r + 9. Let f(w) = -6*w + 144. Let h be f(x). Let v(b) = -b**3 + 13*b**2 - 13*b + 13. What is v(h)?
1
Let a = -16974 + 16989. Let s(h) = 2*h - 34. Calculate s(a).
-4
Let u(r) = 8*r - 1. Let h be (-3 - (-4)/2)/((-10)/40). Suppose -2*n - 24 = -5*c, 4*c + n - 18 = -h. What is u(c)?
31
Let o(z) = -79*z - 11. Suppose 0 = -10426*s + 10444*s + 36. Determine o(s).
147
Let k = -9476 - -9509. Let l(g) be the third derivative of 1/3*g**3 - k*g**2 + 0 - 1/60*g**5 + 0*g + 1/3*g**4. Calculate l(8).
2
Let t(x) = -16*x**2. Let l = -143 - -88. Let q = l - -54. Calculate t(q).
-16
Suppose 10*g + 2 = 7*y + 11*g, -3*y + g = -8. Let h(x) = 6*x**3 - x**2 - 3*x + 4. Calculate h(y).
6
Let q(u) = -5*u**3 - 13*u**2 - u + 7. Let b be (0 - -3) + (-36)/(-9). Let c(n) = -6*n**3 - 15*n**2 - n + 8. Let f(g) = b*q(g) - 6*c(g). What is f(2)?
3
Let x(d) = 11*d**2 + d**3 - 78*d + 191*d + 16 - 102*d. Calculate x(-9).
79
Let w be 422/5 - 10/25. Let v = -45 + w. Let l(m) = 32*m + v*m + 2 + m**3 - 67*m + 4*m**2. Calculate l(-3).
-1
Let f(s) = 4*s**2 - 6*s - 8. Let d be f(3). Let j(o) = -47*o + 21. Let y(z) = -66*z + 31. Let i(h) = 7*j(h) - 5*y(h). What is i(d)?
2
Let l = 317 - 313. Let y(n) = 3 + 3 - 2 + 13*n**2 - 8*n**2 - 4*n - n**3. What is y(l)?
4
Let b be 2/(-16)*(440/(-30) + 14)*6. Let u(g) be the first derivative of 7*g - b*g**2 - 39. What is u(5)?
2
Let f(o) = 4*o. Let p be f(-2). Let z = 809 - 806. Let t(x) = -5*x + 3*x - z*x + 7 + 0*x + 6*x. What is t(p)?
-1
Let d(k) be the first derivative of -k**3/6 + k**2 - 154*k + 213. Let j(l) be the first derivative of d(l). What is j(6)?
-4
Let i(k) = -5 + 67*k - 19 + 997*k**2 - 995*k**2. Calculate i(-34).
10
Let f(z) = z**3 - 13*z**2 + 17*z - 63. Let j = -562 - -574. What is f(j)?
-3
Let z(l) = -l**3 + 6*l**2 - l + 5. Suppose x + 17 = 3. Let d = x - -19. Suppose d*y - 35 = -5. Give z(y).
-1
Let z(i) = -2*i**3 - 7*i**2 + 13*i - 3. Let m = -479 - -482. Let t(p) = 5*p**3 + 14*p**2 - 28*p + 7. Let c(n) = m*t(n) + 7*z(n). Give c(5).
-15
Let i(s) = -s**3 - 11*s**2 - 14*s - 6. Let f(l) = 30*l + 11 + 2*l**3 + 26*l**2 - 7 + 8 - 4*l**2. Let g(a) = 2*f(a) + 5*i(a). Calculate g(-10).
-6
Let r(c) = -11*c - 12. Let k be (-3)/(43/(-301)*(-42)/4). Give r(k).
10
Let k = -2413 + 2405. Let t(h) be the second derivative of h**4/12 + 5*h**3/3 + 5*h**2/2 + 6*h. Calculate t(k).
-11
Le